{"id":82,"date":"2017-02-15T09:32:22","date_gmt":"2017-02-15T09:32:22","guid":{"rendered":"http:\/\/cpscas.educacion.navarra.es\/apymacpcaseda\/?page_id=82"},"modified":"2017-02-15T09:32:22","modified_gmt":"2017-02-15T09:32:22","slug":"actividades-apyma-2016-2017","status":"publish","type":"page","link":"https:\/\/cpscas.educacion.navarra.es\/apymacpcaseda\/actividades-apyma-2016-2017\/","title":{"rendered":"ACTIVIDADES APYMA 2016-2017"},"content":{"rendered":"<p>&nbsp;<\/p>\n<p><strong><u>ACTIVIDADES DE LA APYMA 2016\/2017<\/u><\/strong><\/p>\n<p><strong><u>OCTUBRE<\/u><\/strong><\/p>\n<p>*Conozcamos nuestro pueblo. Excursi\u00f3n guiada por las calles y sitios de inter\u00e9s de nuestro pueblo.<\/p>\n<p><strong><u>NOVIEMBRE<\/u><\/strong><\/p>\n<p>*Comienzo del curso de franc\u00e9s impartido por Muriel Carrillo.<\/p>\n<p>*Diversas actividades con motivo del d\u00eda contra la violencia de g\u00e9nero.<\/p>\n<p><strong><u>DICIEMBRE<\/u><\/strong><\/p>\n<p>*Charla para madres y padres ofrecida por el sargento de la guardia civil de C\u00e1seda sobre ciberbullying.<\/p>\n<p>*Almuerzo despu\u00e9s del Festival de Navidad.<\/p>\n<p>*Colaboraci\u00f3n con la organizaci\u00f3n de la segunda edici\u00f3n de la San Silvestre 2016.<\/p>\n<p>*Colaboraci\u00f3n con el centro para la confecci\u00f3n de las cestas que se sortear\u00e1n en la fiesta de navidad.<\/p>\n<p><strong><u>ENERO<\/u><\/strong><\/p>\n<p>*Cuenta cuentos en la biblioteca del colegio.<\/p>\n<p>*Por la ma\u00f1ana en la plaza de Oriente almuerzo solidario.<\/p>\n<p><strong><u>FEBRERO<\/u><\/strong><\/p>\n<p>*Merienda y bingo en el patio de las escuelas despu\u00e9s de la fiesta de carnaval.<\/p>\n<p>*D\u00eda 20- A las 15:00 h. En la escuela, Charla ofrecida por Herrikoa. \u201cAy\u00fadale a mejorar su autoestima\u201d<\/p>\n<p><strong><u>MARZO<\/u><\/strong><\/p>\n<p>*Taller de reciclaje y manualidades<\/p>\n<p>*L@s mayores de nuestro pueblo nos hablaran de su infancia. La escuela, las fiestas, oficios, tradiciones\u2026.<\/p>\n<p><strong><u>ABRIL<\/u><\/strong><\/p>\n<p>*D\u00eda 24- A las 15:00 h. en la escuela. Charla ofrecida por Herrikoa \u201cDestrezas para gestionar los conflictos\u201d<\/p>\n<p>*Juegos populares de ayer. \u00bfA que jugaban nuestros padres y madres? La goma, bal\u00f3n prisionero, la comba, canicas, chapas, carrucho, la gueltica \u2026<\/p>\n<p>*Con motivo de la celebraci\u00f3n del d\u00eda del libro realizaremos un cuentacuentos con marionetas en la biblioteca P\u00fablica de C\u00e1seda<\/p>\n<p><strong><u>MAYO<\/u><\/strong><\/p>\n<p>*Excursi\u00f3n al puente de Gallipienzo y a la calzada romana<\/p>\n<p><strong><u>JUNIO<\/u><\/strong><\/p>\n<p>*Excursi\u00f3n de fin de curso.<\/p>\n<p>*Fiesta de los colegios de C\u00e1seda, Aibar y Sada en la piscina de C\u00e1seda<\/p>\n","protected":false},"excerpt":{"rendered":"<p>&nbsp; ACTIVIDADES DE LA APYMA 2016\/2017 OCTUBRE *Conozcamos nuestro pueblo. Excursi\u00f3n guiada por las calles y sitios de inter\u00e9s de nuestro pueblo. NOVIEMBRE *Comienzo del curso de franc\u00e9s impartido por Muriel Carrillo. *Diversas actividades con motivo del d\u00eda contra la &hellip; <a href=\"https:\/\/cpscas.educacion.navarra.es\/apymacpcaseda\/actividades-apyma-2016-2017\/\">Sigue leyendo <span class=\"meta-nav\">&rarr;<\/span><\/a><\/p>\n","protected":false},"author":11,"featured_media":0,"parent":0,"menu_order":0,"comment_status":"closed","ping_status":"closed","template":"","meta":[],"_links":{"self":[{"href":"https:\/\/cpscas.educacion.navarra.es\/apymacpcaseda\/wp-json\/wp\/v2\/pages\/82"}],"collection":[{"href":"https:\/\/cpscas.educacion.navarra.es\/apymacpcaseda\/wp-json\/wp\/v2\/pages"}],"about":[{"href":"https:\/\/cpscas.educacion.navarra.es\/apymacpcaseda\/wp-json\/wp\/v2\/types\/page"}],"author":[{"embeddable":true,"href":"https:\/\/cpscas.educacion.navarra.es\/apymacpcaseda\/wp-json\/wp\/v2\/users\/11"}],"replies":[{"embeddable":true,"href":"https:\/\/cpscas.educacion.navarra.es\/apymacpcaseda\/wp-json\/wp\/v2\/comments?post=82"}],"version-history":[{"count":1,"href":"https:\/\/cpscas.educacion.navarra.es\/apymacpcaseda\/wp-json\/wp\/v2\/pages\/82\/revisions"}],"predecessor-version":[{"id":83,"href":"https:\/\/cpscas.educacion.navarra.es\/apymacpcaseda\/wp-json\/wp\/v2\/pages\/82\/revisions\/83"}],"wp:attachment":[{"href":"https:\/\/cpscas.educacion.navarra.es\/apymacpcaseda\/wp-json\/wp\/v2\/media?parent=82"}],"curies":[{"name":"wp","href":"https:\/\/api.w.org\/{rel}","templated":true}]}}